{"id":50902,"date":"2024-03-20T07:03:46","date_gmt":"2024-03-20T10:03:46","guid":{"rendered":"https:\/\/sites.teratec.com.br\/ipmu\/?page_id=50902"},"modified":"2024-07-31T00:09:39","modified_gmt":"2024-07-31T03:09:39","slug":"inicio-oceanwp-20230320","status":"publish","type":"page","link":"https:\/\/ipmu.com.br\/site\/","title":{"rendered":"In\u00edcio &#8211; OceanWP &#8211; 20230320"},"content":{"rendered":"\n<h2 class=\"wp-block-heading\">Not\u00edcias<\/h2>\n\n\n<ul class=\"wp-block-latest-posts__list is-grid columns-2 has-dates wp-block-latest-posts\"><li><div class=\"wp-block-latest-posts__featured-image alignleft\"><a href=\"https:\/\/ipmu.com.br\/site\/certificacao-nivel-iii-do-pro-gestao-e-mantida-pelo-ipmu-apos-auditoria\/\" aria-label=\"Certifica\u00e7\u00e3o N\u00edvel III do Pr\u00f3-Gest\u00e3o \u00e9 mantida pelo IPMU ap\u00f3s auditoria\"><img loading=\"lazy\" decoding=\"async\" width=\"150\" height=\"150\" src=\"https:\/\/i0.wp.com\/ipmu.com.br\/site\/wp-content\/uploads\/2026\/05\/Certificacao_-11-05-2026-1.jpg?resize=150%2C150&amp;ssl=1\" class=\"attachment-thumbnail size-thumbnail wp-post-image\" alt=\"\" style=\"\" srcset=\"https:\/\/i0.wp.com\/ipmu.com.br\/site\/wp-content\/uploads\/2026\/05\/Certificacao_-11-05-2026-1.jpg?resize=150%2C150&amp;ssl=1 150w, https:\/\/i0.wp.com\/ipmu.com.br\/site\/wp-content\/uploads\/2026\/05\/Certificacao_-11-05-2026-1.jpg?resize=600%2C600&amp;ssl=1 600w, https:\/\/i0.wp.com\/ipmu.com.br\/site\/wp-content\/uploads\/2026\/05\/Certificacao_-11-05-2026-1.jpg?zoom=2&amp;resize=150%2C150&amp;ssl=1 300w, https:\/\/i0.wp.com\/ipmu.com.br\/site\/wp-content\/uploads\/2026\/05\/Certificacao_-11-05-2026-1.jpg?zoom=3&amp;resize=150%2C150&amp;ssl=1 450w\" sizes=\"auto, (max-width: 150px) 100vw, 150px\" \/><\/a><\/div><a class=\"wp-block-latest-posts__post-title\" href=\"https:\/\/ipmu.com.br\/site\/certificacao-nivel-iii-do-pro-gestao-e-mantida-pelo-ipmu-apos-auditoria\/\">Certifica\u00e7\u00e3o N\u00edvel III do Pr\u00f3-Gest\u00e3o \u00e9 mantida pelo IPMU ap\u00f3s auditoria<\/a><time datetime=\"2026-05-11T17:25:25-03:00\" class=\"wp-block-latest-posts__post-date\">11 de maio de 2026<\/time><div class=\"wp-block-latest-posts__post-excerpt\">O Instituto de Previd\u00eancia Municipal de Ubatuba (IPMU) manteve a certifica\u00e7\u00e3o N\u00edvel III no Pr\u00f3-Gest\u00e3o\u2026 <a class=\"wp-block-latest-posts__read-more\" href=\"https:\/\/ipmu.com.br\/site\/certificacao-nivel-iii-do-pro-gestao-e-mantida-pelo-ipmu-apos-auditoria\/\" rel=\"noopener noreferrer\">Leia mais<span class=\"screen-reader-text\">: Certifica\u00e7\u00e3o N\u00edvel III do Pr\u00f3-Gest\u00e3o \u00e9 mantida pelo IPMU ap\u00f3s auditoria<\/span><\/a><\/div><\/li>\n<li><div class=\"wp-block-latest-posts__featured-image alignleft\"><a href=\"https:\/\/ipmu.com.br\/site\/concertada-no-tamar-9-05-2026\/\" aria-label=\"Concertada no Tamar: 9\/05\/2026\"><img loading=\"lazy\" decoding=\"async\" width=\"150\" height=\"150\" src=\"https:\/\/i0.wp.com\/ipmu.com.br\/site\/wp-content\/uploads\/2026\/05\/Concertada_-05_-maio_.jpg?resize=150%2C150&amp;ssl=1\" class=\"attachment-thumbnail size-thumbnail wp-post-image\" alt=\"\" style=\"\" srcset=\"https:\/\/i0.wp.com\/ipmu.com.br\/site\/wp-content\/uploads\/2026\/05\/Concertada_-05_-maio_.jpg?resize=150%2C150&amp;ssl=1 150w, https:\/\/i0.wp.com\/ipmu.com.br\/site\/wp-content\/uploads\/2026\/05\/Concertada_-05_-maio_.jpg?resize=600%2C600&amp;ssl=1 600w, https:\/\/i0.wp.com\/ipmu.com.br\/site\/wp-content\/uploads\/2026\/05\/Concertada_-05_-maio_.jpg?zoom=2&amp;resize=150%2C150&amp;ssl=1 300w, https:\/\/i0.wp.com\/ipmu.com.br\/site\/wp-content\/uploads\/2026\/05\/Concertada_-05_-maio_.jpg?zoom=3&amp;resize=150%2C150&amp;ssl=1 450w\" sizes=\"auto, (max-width: 150px) 100vw, 150px\" \/><\/a><\/div><a class=\"wp-block-latest-posts__post-title\" href=\"https:\/\/ipmu.com.br\/site\/concertada-no-tamar-9-05-2026\/\">Concertada no Tamar: 9\/05\/2026<\/a><time datetime=\"2026-05-08T08:47:11-03:00\" class=\"wp-block-latest-posts__post-date\">8 de maio de 2026<\/time><div class=\"wp-block-latest-posts__post-excerpt\">\u00a0\u00c9 neste s\u00e1bado!\u00a0 Prepare-se para uma noite especial de muita m\u00fasica, alegria e boas conex\u00f5es!\u2026 <a class=\"wp-block-latest-posts__read-more\" href=\"https:\/\/ipmu.com.br\/site\/concertada-no-tamar-9-05-2026\/\" rel=\"noopener noreferrer\">Leia mais<span class=\"screen-reader-text\">: Concertada no Tamar: 9\/05\/2026<\/span><\/a><\/div><\/li>\n<li><div class=\"wp-block-latest-posts__featured-image alignleft\"><a href=\"https:\/\/ipmu.com.br\/site\/relatorio-de-atendimento-04-2026\/\" aria-label=\"Relat\u00f3rio de Atendimento 04\/2026\"><img loading=\"lazy\" decoding=\"async\" width=\"150\" height=\"150\" src=\"https:\/\/i0.wp.com\/ipmu.com.br\/site\/wp-content\/uploads\/2026\/05\/bom-atendimento-ao-cliente.jpg?resize=150%2C150&amp;ssl=1\" class=\"attachment-thumbnail size-thumbnail wp-post-image\" alt=\"\" style=\"\" srcset=\"https:\/\/i0.wp.com\/ipmu.com.br\/site\/wp-content\/uploads\/2026\/05\/bom-atendimento-ao-cliente.jpg?resize=150%2C150&amp;ssl=1 150w, https:\/\/i0.wp.com\/ipmu.com.br\/site\/wp-content\/uploads\/2026\/05\/bom-atendimento-ao-cliente.jpg?zoom=2&amp;resize=150%2C150&amp;ssl=1 300w, https:\/\/i0.wp.com\/ipmu.com.br\/site\/wp-content\/uploads\/2026\/05\/bom-atendimento-ao-cliente.jpg?zoom=3&amp;resize=150%2C150&amp;ssl=1 450w\" sizes=\"auto, (max-width: 150px) 100vw, 150px\" \/><\/a><\/div><a class=\"wp-block-latest-posts__post-title\" href=\"https:\/\/ipmu.com.br\/site\/relatorio-de-atendimento-04-2026\/\">Relat\u00f3rio de Atendimento 04\/2026<\/a><time datetime=\"2026-05-06T12:05:49-03:00\" class=\"wp-block-latest-posts__post-date\">6 de maio de 2026<\/time><div class=\"wp-block-latest-posts__post-excerpt\">\u00a0Atendimento ao P\u00fablico: Compromisso com Efici\u00eancia, Acessibilidade e Humaniza\u00e7\u00e3o O Instituto de Previd\u00eancia Municipal de\u2026 <a class=\"wp-block-latest-posts__read-more\" href=\"https:\/\/ipmu.com.br\/site\/relatorio-de-atendimento-04-2026\/\" rel=\"noopener noreferrer\">Leia mais<span class=\"screen-reader-text\">: Relat\u00f3rio de Atendimento 04\/2026<\/span><\/a><\/div><\/li>\n<li><div class=\"wp-block-latest-posts__featured-image alignleft\"><a href=\"https:\/\/ipmu.com.br\/site\/cronograma-de-reunioes-maio-2026\/\" aria-label=\"Cronograma de Reuni\u00f5es: maio\/2026\"><img loading=\"lazy\" decoding=\"async\" width=\"150\" height=\"150\" src=\"https:\/\/i0.wp.com\/ipmu.com.br\/site\/wp-content\/uploads\/2026\/04\/Calendario-de-reuniao_-05.png?resize=150%2C150&amp;ssl=1\" class=\"attachment-thumbnail size-thumbnail wp-post-image\" alt=\"\" style=\"\" srcset=\"https:\/\/i0.wp.com\/ipmu.com.br\/site\/wp-content\/uploads\/2026\/04\/Calendario-de-reuniao_-05.png?w=1080&amp;ssl=1 1080w, https:\/\/i0.wp.com\/ipmu.com.br\/site\/wp-content\/uploads\/2026\/04\/Calendario-de-reuniao_-05.png?resize=300%2C300&amp;ssl=1 300w, https:\/\/i0.wp.com\/ipmu.com.br\/site\/wp-content\/uploads\/2026\/04\/Calendario-de-reuniao_-05.png?resize=1024%2C1024&amp;ssl=1 1024w, https:\/\/i0.wp.com\/ipmu.com.br\/site\/wp-content\/uploads\/2026\/04\/Calendario-de-reuniao_-05.png?resize=150%2C150&amp;ssl=1 150w, https:\/\/i0.wp.com\/ipmu.com.br\/site\/wp-content\/uploads\/2026\/04\/Calendario-de-reuniao_-05.png?resize=768%2C768&amp;ssl=1 768w, https:\/\/i0.wp.com\/ipmu.com.br\/site\/wp-content\/uploads\/2026\/04\/Calendario-de-reuniao_-05.png?resize=600%2C600&amp;ssl=1 600w\" sizes=\"auto, (max-width: 150px) 100vw, 150px\" \/><\/a><\/div><a class=\"wp-block-latest-posts__post-title\" href=\"https:\/\/ipmu.com.br\/site\/cronograma-de-reunioes-maio-2026\/\">Cronograma de Reuni\u00f5es: maio\/2026<\/a><time datetime=\"2026-04-30T17:13:20-03:00\" class=\"wp-block-latest-posts__post-date\">30 de abril de 2026<\/time><div class=\"wp-block-latest-posts__post-excerpt\"><\/div><\/li>\n<\/ul>\n\n\n<div class=\"wp-block-columns ipmu-call2action is-layout-flex wp-container-core-columns-is-layout-9d6595d7 wp-block-columns-is-layout-flex\">\n<div class=\"wp-block-column is-layout-flow wp-block-column-is-layout-flow\">\n<div class=\"wp-block-download-manager-call2action w3eden\"><div class=\"jumbotron jumbotron-fluid bg-no-repeat bg-cover\" style=\"background:linear-gradient( 45deg, rgba( 233, 236, 239, 0.5) 0%, rgba( 233, 236, 239, 0.5) 100%), url(null)\"><div style=\"text-align:center\"><h1 class=\"title\" style=\"color:#333333;font-size:20px\"><\/h1><div class=\"content\" style=\"color:#333333;font-size:13px\">Honestidade e Seguran\u00e7a<br\/> <a href=\"https:\/\/ipmu.com.br\/site\/diretorias\"><\/a><\/div><a href=\".\/transparencia\" class=\"btn btn-primary btn-lg\" style=\"background:#333333;color:#ffffff\"><i class=\"icon fa fa-search\" aria-hidden=\"true\">  <\/i>&nbsp;Transpar\u00eancia<\/a><\/div><\/div><\/div>\n<\/div>\n\n\n\n<div class=\"wp-block-column is-layout-flow wp-block-column-is-layout-flow\">\n<div class=\"wp-block-download-manager-call2action w3eden\"><div class=\"jumbotron jumbotron-fluid bg-no-repeat bg-cover\" style=\"background:linear-gradient( 45deg, rgba( 233, 236, 239, 0.5) 0%, rgba( 233, 236, 239, 0.5) 100%), url(null)\"><div style=\"text-align:center\"><h1 class=\"title\" style=\"color:#333333;font-size:20px\"><\/h1><div class=\"content\" style=\"color:#333333;font-size:13px\">Conhe\u00e7a nossa Diretoria<br\/> <a href=\"https:\/\/ipmu.com.br\/site\/diretorias\"><\/a><\/div><a href=\".\/diretorias\" class=\"btn btn-primary btn-lg\" style=\"background:#333333;color:#ffffff\"><i class=\"icon fa fa-users\" aria-hidden=\"true\">&nbsp;<\/i>Diretoria<\/a><\/div><\/div><\/div>\n<\/div>\n\n\n\n<div class=\"wp-block-column is-layout-flow wp-block-column-is-layout-flow\">\n<div class=\"wp-block-download-manager-call2action w3eden ipmu-call2action\"><div class=\"jumbotron jumbotron-fluid bg-no-repeat bg-cover\" style=\"background:linear-gradient( 45deg, rgba( 233, 236, 239, 0.5) 0%, rgba( 233, 236, 239, 0.5) 100%), url(null)\"><div style=\"text-align:center\"><h1 class=\"title\" style=\"color:#333333;font-size:20px\"><\/h1><div class=\"content\" style=\"color:#333333;font-size:13px\">Mande-nos uma Mensagem<br\/> <a href=\"https:\/\/ipmu.com.br\/site\/diretorias\"><\/a><\/div><a href=\".\/contato\" class=\"btn btn-primary btn-lg\" style=\"background:#333333;color:#ffffff\"><i class=\"icon fa fa-phone\" aria-hidden=\"true\">  <\/i>&nbsp;Fale Conosco<\/a><\/div><\/div><\/div>\n<\/div>\n<\/div>\n\n\n\n<div style=\"height:100px\" aria-hidden=\"true\" class=\"wp-block-spacer\"><\/div>\n\n\n\n<h2 class=\"wp-block-heading\">\u00daltimos Arquivos Publicados<\/h2>\n\n\n\r\n<link href=\"https:\/\/cdnjs.cloudflare.com\/ajax\/libs\/jqueryui\/1.13.2\/themes\/base\/jquery-ui.min.css\" rel=\"stylesheet\">\r\n<link href=\"https:\/\/cdn.datatables.net\/v\/ju\/jszip-3.10.1\/dt-2.1.2\/b-3.1.0\/b-html5-3.1.0\/b-print-3.1.0\/date-1.5.3\/kt-2.12.1\/r-3.0.2\/sc-2.4.3\/datatables.min.css\" rel=\"stylesheet\">\r\n \r\n<table id=\"apr\" class=\"display compact dataTable\">\r\n\t<tbody>\r\n\r\n\t\r\n\t\t<tr style=\"cursor: pointer;\" onclick=\"window.location.href = '\/site\/download\/ipmu-033-2026-contribuicao-previdenciaria\/?wpdmdl=191276';\">\r\n\t\r\n\t\t\t<td><strong>IPMU\/033\/2026 Contribui\u00e7\u00e3o Previdenci\u00e1ria<\/strong> 2.026\r\n\t\t\t\t<br>\r\n\t\t\t\t<p>1\u00ba trimestre<\/p>\n\r\n\t\t\t\tControle Interno\r\n\t\t\t<\/td>\r\n\t\t\t<td style=\"text-align:right;\">\r\n\t\t\t\t\r\n\t\t\t\t\t15 download(s)\r\n\t\t\t\t\r\n\t\t\t<\/td>\r\n\t\t\t<td>\r\n\t\t\t\t570.90 KB\r\n\t\t\t<\/td>\r\n\t\t\t<td>\r\n\t\t\t\t\r\n\t\t\t\t\t<a href=\"\/site\/download\/ipmu-033-2026-contribuicao-previdenciaria\/?wpdmdl=191276\"><i class=\"fa fa-download\"><\/i> Acessar<\/a>\r\n\t\t\t\t\r\n\t\t\t<\/td>\r\n\t\t<\/tr>\r\n\r\n\t\r\n\t\t<tr style=\"cursor: pointer;\" onclick=\"window.location.href = '\/site\/download\/sa-2371-2023-cenco-cadastral-dos-servidores-ativos\/?wpdmdl=191268';\">\r\n\t\r\n\t\t\t<td><strong>SA\/2371\/2023 &#8211; Cenco cadastral dos servidores ativos<\/strong> 2.023\r\n\t\t\t\t<br>\r\n\t\t\t\t\r\n\t\t\t\tControle Interno\r\n\t\t\t<\/td>\r\n\t\t\t<td style=\"text-align:right;\">\r\n\t\t\t\t\r\n\t\t\t\t\t21 download(s)\r\n\t\t\t\t\r\n\t\t\t<\/td>\r\n\t\t\t<td>\r\n\t\t\t\t282.34 KB\r\n\t\t\t<\/td>\r\n\t\t\t<td>\r\n\t\t\t\t\r\n\t\t\t\t\t<a href=\"\/site\/download\/sa-2371-2023-cenco-cadastral-dos-servidores-ativos\/?wpdmdl=191268\"><i class=\"fa fa-download\"><\/i> Acessar<\/a>\r\n\t\t\t\t\r\n\t\t\t<\/td>\r\n\t\t<\/tr>\r\n\r\n\t\r\n\t\t<tr style=\"cursor: pointer;\" onclick=\"window.location.href = '\/site\/download\/005-bruno-gil-de-moraes\/?wpdmdl=191245';\">\r\n\t\r\n\t\t\t<td><strong>05- Bruno Gil de Moraes<\/strong> 2.026\r\n\t\t\t\t<br>\r\n\t\t\t\t<p>Contrato<\/p>\n\r\n\t\t\t\tExtrato de Contrato\r\n\t\t\t<\/td>\r\n\t\t\t<td style=\"text-align:right;\">\r\n\t\t\t\t\r\n\t\t\t\t\t18 download(s)\r\n\t\t\t\t\r\n\t\t\t<\/td>\r\n\t\t\t<td>\r\n\t\t\t\t\r\n\t\t\t<\/td>\r\n\t\t\t<td>\r\n\t\t\t\t\r\n\t\t\t\t\t<a href=\"\/site\/download\/005-bruno-gil-de-moraes\/?wpdmdl=191245\"><i class=\"fa fa-download\"><\/i> Acessar<\/a>\r\n\t\t\t\t\r\n\t\t\t<\/td>\r\n\t\t<\/tr>\r\n\r\n\t\r\n\t\t<tr style=\"cursor: pointer;\" onclick=\"window.location.href = '\/site\/download\/004-ebenezer-solucoes-em-tecnologia-ltda\/?wpdmdl=191244';\">\r\n\t\r\n\t\t\t<td><strong>04- Ebenezer Solu\u00e7\u00f5es em Tecnologia Ltda<\/strong> 2.026\r\n\t\t\t\t<br>\r\n\t\t\t\t<p>Contrato<\/p>\n\r\n\t\t\t\tExtrato de Contrato\r\n\t\t\t<\/td>\r\n\t\t\t<td style=\"text-align:right;\">\r\n\t\t\t\t\r\n\t\t\t\t\t19 download(s)\r\n\t\t\t\t\r\n\t\t\t<\/td>\r\n\t\t\t<td>\r\n\t\t\t\t\r\n\t\t\t<\/td>\r\n\t\t\t<td>\r\n\t\t\t\t\r\n\t\t\t\t\t<a href=\"\/site\/download\/004-ebenezer-solucoes-em-tecnologia-ltda\/?wpdmdl=191244\"><i class=\"fa fa-download\"><\/i> Acessar<\/a>\r\n\t\t\t\t\r\n\t\t\t<\/td>\r\n\t\t<\/tr>\r\n\r\n\t\r\n\t\t<tr style=\"cursor: pointer;\" onclick=\"window.location.href = '\/site\/download\/ipmu-004-2026-plano-de-acao-conselho-fiscal\/?wpdmdl=191240';\">\r\n\t\r\n\t\t\t<td><strong>IPMU\/004\/2026 Plano de A\u00e7\u00e3o Conselho Fiscal<\/strong> 2.026\r\n\t\t\t\t<br>\r\n\t\t\t\t<p>1\u00ba trimestre<\/p>\n\r\n\t\t\t\tControle Interno\r\n\t\t\t<\/td>\r\n\t\t\t<td style=\"text-align:right;\">\r\n\t\t\t\t\r\n\t\t\t\t\t28 download(s)\r\n\t\t\t\t\r\n\t\t\t<\/td>\r\n\t\t\t<td>\r\n\t\t\t\t5.45 MB\r\n\t\t\t<\/td>\r\n\t\t\t<td>\r\n\t\t\t\t\r\n\t\t\t\t\t<a href=\"\/site\/download\/ipmu-004-2026-plano-de-acao-conselho-fiscal\/?wpdmdl=191240\"><i class=\"fa fa-download\"><\/i> Acessar<\/a>\r\n\t\t\t\t\r\n\t\t\t<\/td>\r\n\t\t<\/tr>\r\n\r\n\t<\/tbody>\r\n<\/table>\r\n","protected":false},"excerpt":{"rendered":"<p>Not\u00edcias \u00daltimos Arquivos Publicados<\/p>\n","protected":false},"author":1,"featured_media":0,"parent":0,"menu_order":0,"comment_status":"closed","ping_status":"open","template":"","meta":{"ocean_post_layout":"","ocean_both_sidebars_style":"","ocean_both_sidebars_content_width":0,"ocean_both_sidebars_sidebars_width":0,"ocean_sidebar":"","ocean_second_sidebar":"","ocean_disable_margins":"enable","ocean_add_body_class":"","ocean_shortcode_before_top_bar":"","ocean_shortcode_after_top_bar":"","ocean_shortcode_before_header":"","ocean_shortcode_after_header":"","ocean_has_shortcode":"","ocean_shortcode_after_title":"","ocean_shortcode_before_footer_widgets":"","ocean_shortcode_after_footer_widgets":"","ocean_shortcode_before_footer_bottom":"","ocean_shortcode_after_footer_bottom":"","ocean_display_top_bar":"default","ocean_display_header":"default","ocean_header_style":"","ocean_center_header_left_menu":"","ocean_custom_header_template":"","ocean_custom_logo":0,"ocean_custom_retina_logo":0,"ocean_custom_logo_max_width":0,"ocean_custom_logo_tablet_max_width":0,"ocean_custom_logo_mobile_max_width":0,"ocean_custom_logo_max_height":0,"ocean_custom_logo_tablet_max_height":0,"ocean_custom_logo_mobile_max_height":0,"ocean_header_custom_menu":"","ocean_menu_typo_font_family":"","ocean_menu_typo_font_subset":"","ocean_menu_typo_font_size":0,"ocean_menu_typo_font_size_tablet":0,"ocean_menu_typo_font_size_mobile":0,"ocean_menu_typo_font_size_unit":"px","ocean_menu_typo_font_weight":"","ocean_menu_typo_font_weight_tablet":"","ocean_menu_typo_font_weight_mobile":"","ocean_menu_typo_transform":"","ocean_menu_typo_transform_tablet":"","ocean_menu_typo_transform_mobile":"","ocean_menu_typo_line_height":0,"ocean_menu_typo_line_height_tablet":0,"ocean_menu_typo_line_height_mobile":0,"ocean_menu_typo_line_height_unit":"","ocean_menu_typo_spacing":0,"ocean_menu_typo_spacing_tablet":0,"ocean_menu_typo_spacing_mobile":0,"ocean_menu_typo_spacing_unit":"","ocean_menu_link_color":"","ocean_menu_link_color_hover":"","ocean_menu_link_color_active":"","ocean_menu_link_background":"","ocean_menu_link_hover_background":"","ocean_menu_link_active_background":"","ocean_menu_social_links_bg":"","ocean_menu_social_hover_links_bg":"","ocean_menu_social_links_color":"","ocean_menu_social_hover_links_color":"","ocean_disable_title":"on","ocean_disable_heading":"default","ocean_post_title":"","ocean_post_subheading":"","ocean_post_title_style":"","ocean_post_title_background_color":"","ocean_post_title_background":0,"ocean_post_title_bg_image_position":"","ocean_post_title_bg_image_attachment":"","ocean_post_title_bg_image_repeat":"","ocean_post_title_bg_image_size":"","ocean_post_title_height":0,"ocean_post_title_bg_overlay":0.5,"ocean_post_title_bg_overlay_color":"","ocean_disable_breadcrumbs":"default","ocean_breadcrumbs_color":"","ocean_breadcrumbs_separator_color":"","ocean_breadcrumbs_links_color":"","ocean_breadcrumbs_links_hover_color":"","ocean_display_footer_widgets":"default","ocean_display_footer_bottom":"default","ocean_custom_footer_template":"","footnotes":""},"class_list":["post-50902","page","type-page","status-publish","hentry","entry"],"jetpack_sharing_enabled":true,"_links":{"self":[{"href":"https:\/\/ipmu.com.br\/site\/wp-json\/wp\/v2\/pages\/50902","targetHints":{"allow":["GET"]}}],"collection":[{"href":"https:\/\/ipmu.com.br\/site\/wp-json\/wp\/v2\/pages"}],"about":[{"href":"https:\/\/ipmu.com.br\/site\/wp-json\/wp\/v2\/types\/page"}],"author":[{"embeddable":true,"href":"https:\/\/ipmu.com.br\/site\/wp-json\/wp\/v2\/users\/1"}],"replies":[{"embeddable":true,"href":"https:\/\/ipmu.com.br\/site\/wp-json\/wp\/v2\/comments?post=50902"}],"version-history":[{"count":0,"href":"https:\/\/ipmu.com.br\/site\/wp-json\/wp\/v2\/pages\/50902\/revisions"}],"wp:attachment":[{"href":"https:\/\/ipmu.com.br\/site\/wp-json\/wp\/v2\/media?parent=50902"}],"curies":[{"name":"wp","href":"https:\/\/api.w.org\/{rel}","templated":true}]}}